{"id":8,"date":"2025-12-16T14:24:50","date_gmt":"2025-12-16T14:24:50","guid":{"rendered":"https:\/\/qpakeny.cluster100.hosting.ovh.net\/?page_id=8"},"modified":"2025-12-20T08:48:35","modified_gmt":"2025-12-20T08:48:35","slug":"accueil","status":"publish","type":"page","link":"https:\/\/pickleball-protrips.com\/index.php\/accueil\/","title":{"rendered":"Accueil"},"content":{"rendered":"\n<div class=\"wp-block-group alignfull is-style-section-2 has-background has-global-padding is-layout-constrained wp-block-group-is-layout-constrained is-style-section-2--1\" style=\"background: linear-gradient(135deg,#0693e3 64%,#9b51e0 100%); margin-top: 0; margin-bottom: 0; padding-top: var(--wp--preset--spacing--60); padding-bottom: var(--wp--preset--spacing--60);\">\n\n<div class=\"wp-block-columns alignwide is-layout-flex wp-container-core-columns-is-layout-643ced6b wp-block-columns-is-layout-flex\">\n\n<div class=\"wp-block-column is-layout-flow wp-block-column-is-layout-flow\">\n\n<h2 class=\"wp-block-heading has-text-align-center has-accent-1-color has-text-color has-link-color wp-elements-78e6ba82ddf6da89ed37c5039acabb9b\">Vivez l&rsquo;exp\u00e9rience Pickleball avec Nous<\/h2>\n\n<\/div>\n\n<\/div>\n\n\r\n\r\n\n<p>D\u00e9couvrez notre histoire et notre passion pour le pickleball. Nous sommes l\u00e0 pour vous offrir une exp\u00e9rience inoubliable, que vous soyez un joueur d\u00e9butant ou exp\u00e9riment\u00e9. Notre \u00e9quipe de professionnels est d\u00e9vou\u00e9e \u00e0 vous fournir des programmes de haute qualit\u00e9 et des services personnalis\u00e9s pour r\u00e9pondre \u00e0 vos besoins. Laissez-nous vous emmener dans le monde passionnant du pickleball et cr\u00e9er des souvenirs m\u00e9morables ensemble.<\/p>\n\n\r\n\r\n\n<h2 class=\"wp-block-heading has-text-align-center has-accent-1-color has-text-color has-link-color wp-elements-62abc0f654feee99ba24112489a8dfd3\">Rencontrez notre \u00c9quipe<\/h2>\n\n\r\n\r\n\n<p>D\u00e9couvrez les visages qui rendent notre \u00e9quipe exceptionnelle. Nous sommes un groupe passionn\u00e9 de joueurs de pickleball, d\u00e9termin\u00e9s \u00e0 partager notre expertise et notre amour pour ce sport avec vous. Apprenez-en plus sur la philosophie qui guide notre \u00e9quipe et sur la fa\u00e7on dont nous travaillons ensemble pour offrir des exp\u00e9riences enrichissantes \u00e0 nos clients.<\/p>\n\n<\/div>\n\n\n\n<div class=\"wp-block-group alignfull is-style-section-5 has-global-padding is-layout-constrained wp-block-group-is-layout-constrained is-style-section-5--2\" style=\"margin-top:0;margin-bottom:0;padding-top:var(--wp--preset--spacing--50);padding-bottom:var(--wp--preset--spacing--50)\"><\/div>\n\n\n\n<div class=\"wp-block-group is-nowrap is-layout-flex wp-container-core-group-is-layout-6c531013 wp-block-group-is-layout-flex\"><\/div>\n","protected":false},"excerpt":{"rendered":"<p>Vivez l&rsquo;exp\u00e9rience Pickleball avec Nous D\u00e9couvrez notre histoire et notre passion pour le pickleball. Nous sommes l\u00e0 pour vous offrir une exp\u00e9rience inoubliable, que vous soyez un joueur d\u00e9butant ou exp\u00e9riment\u00e9. Notre \u00e9quipe de professionnels est d\u00e9vou\u00e9e \u00e0 vous fournir des programmes de haute qualit\u00e9 et des services personnalis\u00e9s pour r\u00e9pondre \u00e0 vos besoins. Laissez-nous [&hellip;]<\/p>\n","protected":false},"author":1,"featured_media":0,"parent":0,"menu_order":0,"comment_status":"closed","ping_status":"closed","template":"","meta":{"footnotes":""},"class_list":["post-8","page","type-page","status-publish","hentry"],"_links":{"self":[{"href":"https:\/\/pickleball-protrips.com\/index.php\/wp-json\/wp\/v2\/pages\/8","targetHints":{"allow":["GET"]}}],"collection":[{"href":"https:\/\/pickleball-protrips.com\/index.php\/wp-json\/wp\/v2\/pages"}],"about":[{"href":"https:\/\/pickleball-protrips.com\/index.php\/wp-json\/wp\/v2\/types\/page"}],"author":[{"embeddable":true,"href":"https:\/\/pickleball-protrips.com\/index.php\/wp-json\/wp\/v2\/users\/1"}],"replies":[{"embeddable":true,"href":"https:\/\/pickleball-protrips.com\/index.php\/wp-json\/wp\/v2\/comments?post=8"}],"version-history":[{"count":9,"href":"https:\/\/pickleball-protrips.com\/index.php\/wp-json\/wp\/v2\/pages\/8\/revisions"}],"predecessor-version":[{"id":141,"href":"https:\/\/pickleball-protrips.com\/index.php\/wp-json\/wp\/v2\/pages\/8\/revisions\/141"}],"wp:attachment":[{"href":"https:\/\/pickleball-protrips.com\/index.php\/wp-json\/wp\/v2\/media?parent=8"}],"curies":[{"name":"wp","href":"https:\/\/api.w.org\/{rel}","templated":true}]}}